is the hundred thousands digit of 28533158?
5
What is the hundreds digit of 347718266?
2
What is the units digit of 2116631202?
2
What is the tens digit of 1433227379?
7
What is the thousands digit of 14218785?
8
What is the tens digit of 19380691?
9
What is the ten thousands digit of 2498244042?
4
What is the units digit of 1068052320?
0
What is the thousands digit of 7980406858?
6
What is the hundred thousands digit of 235798153?
7
What is the hundred thousands digit of 151760543?
7
What is the millions digit of 147517185?
7
What is the hundred thousands digit of 80052181?
0
What is the hundreds digit of 84339277?
2
What is the ten millions digit of 56660125?
5
What is the tens digit of 22661973?
7
What is the millions digit of 37414701?
7
What is the thousands digit of 53248029?
8
What is the millions digit of 947642011?
7
What is the millions digit of 520117153?
0
What is the ten millions digit of 122853485?
2
What is the tens digit of 3135618704?
0
What is the hundred thousands digit of 65984629?
9
What is the hundred millions digit of 105200560?
1
What is the ten thousands digit of 460162771?
6
What is the hundreds digit of 93923929?
9
What is the tens digit of 19151601?
0
What is the ten millions digit of 23620459?
2
What is the thousands digit of 7584815401?
5
What is the hundred millions digit of 2461134293?
4
What is the hundreds digit of 4061567713?
7
What is the ten millions digit of 8777136007?
7
What is the hundreds digit of 656166669?
6
What is the hundreds digit of 2975583261?
2
What is the billions digit of 2272174231?
2
What is the hundreds digit of 6834774147?
1
What is the millions digit of 39082650?
9
What is the ten thousands digit of 5497092?
9
What is the ten thousands digit of 555888490?
8
What is the hundred thousands digit of 491051844?
0
What is the tens digit of 18367573?
7
What is the hundred millions digit of 146323027?
1
What is the hundreds digit of 3474155740?
7
What is the hundred thousands digit of 96450978?
4
What is the billions digit of 2585638719?
2
What is the ten thousands digit of 59488200?
8
What is the units digit of 854663320?
0
What is the hundreds digit of 25670097?
0
What is the hundreds digit of 150826977?
9
What is the tens digit of 239909656?
5
What is the hundreds digit of 2631451?
4
What is the ten millions digit of 150529368?
5
What is the hundred thousands digit of 661096414?
0
What is the ten millions digit of 1300699981?
0
What is the hundreds digit of 226496639?
6
What is the ten thousands digit of 3050473431?
7
What is the tens digit of 64061569?
6
What is the ten thousands digit of 31796205?
9
What is the ten thousands digit of 70496304?
9
What is the units digit of 110624722?
2
What is the millions digit of 18524772?
8
What is the millions digit of 72311434?
2
What is the hundred thousands digit of 7055535429?
5
What is the millions digit of 68207069?
8
What is the hundred thousands digit of 58800609?
8
What is the thousands digit of 82252291?
2
What is the units digit of 85559157?
7
What is the units digit of 1260289750?
0
What is the hundred millions digit of 282752709?
2
What is the billions digit of 3209173341?
3
What is the millions digit of 57862801?
7
What is the ten thousands digit of 201211791?
1
What is the ten thousands digit of 2661750883?
5
What is the ten millions digit of 282439344?
8
What is the hundreds digit of 71727642?
6
What is the ten millions digit of 163071266?
6
What is the units digit of 319950640?
0
What is the hundreds digit of 37515098?
0
What is the hundreds digit of 1487752?
7
What is the hundreds digit of 126188072?
0
What is the thousands digit of 845838182?
8
What is the thousands digit of 1412786152?
6
What is the tens digit of 97287917?
1
What is the ten thousands digit of 51681669?
8
What is the hundreds digit of 2182776333?
3
What is the hundreds digit of 45340163?
1
What is the units digit of 247516838?
8
What is the units digit of 70322742?
2
What is the billions digit of 1725479445?
1
What is the hundreds digit of 330924090?
0
What is the ten millions digit of 17899770?
1
What is the tens digit of 34830326?
2
What is the hundreds digit of 65175456?
4
What is the thousands digit of 31899174?
9
What is the tens digit of 1186438494?
9
What is the ten thousands digit of 1144582430?
8
What is the hundred millions digit of 513401611?
5
What is the millions digit of 48825561?
8
What is the millions digit of 38398152?
8
What is the units digit of 608492520?
0
What is the thousands digit of 17910816?
0
What is the hundred thousands digit of 2149666938?
6
What is the ten millions digit of 1537430125?
3
What is the ten millions digit of 75711030?
7
What is the millions digit of 740551888?
0
What is the ten thousands digit of 1935174095?
7
What is the ten millions digit of 43150809?
4
What is the hundreds digit of 1980979?
9
What is the hundred thousands digit of 56079518?
0
What is the millions digit of 95438322?
5
What is the thousands digit of 23217005?
7
What is the ten thousands digit of 1966991962?
9
What is the thousands digit of 251735374?
5
What is the hundred thousands digit of 55066565?
0
What is the hundred thousands digit of 126549907?
5
What is the tens digit of 3753429763?
6
What is the units digit of 79604887?
7
What is the thousands digit of 171851203?
1
What is the hundred thousands digit of 5260793?
2
What is the hundred thousands digit of 74150451?
1
What is the hundred millions digit of 447335559?
4
What is the thousands digit of 2040980099?
0
What is the tens digit of 343324047?
4
What is the units digit of 206268375?
5
What is the ten millions digit of 70954551?
7
What is the ten thousands digit of 272328938?
2
What is the millions digit of 65087985?
5
What is the thousands digit of 9892093628?
3
What is the hundred millions digit of 213296731?
2
What is the hundred thousands digit of 4433275700?
2
What is the millions digit of 5991274?
5
What is the millions digit of 114550913?
4
What is the hundred thousands digit of 16970535?
9
What is the units digit of 147200008?
8
What is the tens digit of 516454099?
9
What is the billions digit of 3434926692?
3
What is the thousands digit of 50838948?
8
What is the ten thousands digit of 71868697?
6
What is the ten millions digit of 573620455?
7
What is the units digit of 11331782?
2
What is the millions digit of 101954615?
1
What is the ten millions digit of 12715918?
1
What is the millions digit of 78337995?
8
What is the ten millions digit of 758168099?
5
What is the units digit of 607216789?
9
What is the thousands digit of 56199850?
9
What is the hundred thousands digit of 41107749?
1
What is the units digit of 233062381?
1
What is the millions digit of 87124212?
7
What is the hundred thousands digit of 34097032?
0
What is the hundred thousands digit of 4754291?
7
What is the ten thousands digit of 903458825?
5
What is the thousands digit of 413567863?
7
What is the thousands digit of 1670604090?
4
What is the hundred thousands digit of 325138732?
1
What is the billions digit of 6143924054?
6
What is the hundred thousands digit of 43412728?
4
What is the millions digit of 255851841?
5
What is the thousands digit of 865293903?
3
What is the millions digit of 3077504803?
7
What is the hundred thousands digit of 175056054?
0
What is the thousands digit of 1034333498?
3
What is the millions digit of 857021920?
7
What is the ten millions digit of 72461472?
7
What is the thousands digit of 310661780?
1
What is the tens digit of 114288826?
2
What is the billions digit of 5208203014?
5
What is the millions digit of 1110017752?
0
What is the thousands digit of 1161093039?
3
What is the hundred thousands digit of 481420061?
4
What is the hundred thousands digit of 182215045?
2
What is the hundred thousands digit of 6938707876?
7
What is the ten thousands digit of 81283289?
8
What is the ten millions digit of 279260339?
7
What is the hundred millions digit of 668716613?
6
What is the ten millions digit of 876059526?
7
What is the ten thousands digit of 77222957?
2
What is the millions digit of 34491495?
4
What is the thousands digit of 36947945?
7
What is the ten thousands digit of 71579559?
7
What is the millions digit of 66073086?
6
What is the thousands digit of 21067247?
7
What is the tho